[INFO] cloning repository https://github.com/dvshur/waves-neutrino-orders-sync
[INFO] running `Command { std: "git" "-c" "credential.helper=" "-c" "credential.helper=/workspace/cargo-home/bin/git-credential-null" "clone" "--bare" "https://github.com/dvshur/waves-neutrino-orders-sync" "/workspace/cache/git-repos/https%3A%2F%2Fgithub.com%2Fdvshur%2Fwaves-neutrino-orders-sync", kill_on_drop: false }`
[INFO] [stderr] Cloning into bare repository '/workspace/cache/git-repos/https%3A%2F%2Fgithub.com%2Fdvshur%2Fwaves-neutrino-orders-sync'...
[INFO] running `Command { std: "git" "rev-parse" "HEAD", kill_on_drop: false }`
[INFO] [stdout] 975c3f3d5bacb6128ed27b58839e9066399d7319
[INFO] checking dvshur/waves-neutrino-orders-sync against master#af3c6e733a40e671550e0f0f5aeecaa13772ba56 for pr-74989
[INFO] running `Command { std: "git" "clone" "/workspace/cache/git-repos/https%3A%2F%2Fgithub.com%2Fdvshur%2Fwaves-neutrino-orders-sync" "/workspace/builds/worker-7/source", kill_on_drop: false }`
[INFO] [stderr] Cloning into '/workspace/builds/worker-7/source'...
[INFO] [stderr] done.
[INFO] validating manifest of git repo https://github.com/dvshur/waves-neutrino-orders-sync on toolchain af3c6e733a40e671550e0f0f5aeecaa13772ba56
[INFO] running `Command { std: "/workspace/cargo-home/bin/cargo" "+af3c6e733a40e671550e0f0f5aeecaa13772ba56" "read-manifest" "--manifest-path" "Cargo.toml", kill_on_drop: false }`
[INFO] started tweaking git repo https://github.com/dvshur/waves-neutrino-orders-sync
[INFO] finished tweaking git repo https://github.com/dvshur/waves-neutrino-orders-sync
[INFO] tweaked toml for git repo https://github.com/dvshur/waves-neutrino-orders-sync written to /workspace/builds/worker-7/source/Cargo.toml
[INFO] crate git repo https://github.com/dvshur/waves-neutrino-orders-sync already has a lockfile, it will not be regenerated
[INFO] running `Command { std: "/workspace/cargo-home/bin/cargo" "+af3c6e733a40e671550e0f0f5aeecaa13772ba56" "fetch" "--locked" "--manifest-path" "Cargo.toml", kill_on_drop: false }`
[INFO] running `Command { std: "docker" "create" "-v" "/var/lib/crater-agent-workspace/builds/worker-7/target:/opt/rustwide/target:rw,Z" "-v" "/var/lib/crater-agent-workspace/builds/worker-7/source:/opt/rustwide/workdir:ro,Z" "-v" "/var/lib/crater-agent-workspace/cargo-home:/opt/rustwide/cargo-home:ro,Z" "-v" "/var/lib/crater-agent-workspace/rustup-home:/opt/rustwide/rustup-home:ro,Z" "-e" "SOURCE_DIR=/opt/rustwide/workdir" "-e" "CARGO_TARGET_DIR=/opt/rustwide/target" "-e" "CARGO_HOME=/opt/rustwide/cargo-home" "-e" "RUSTUP_HOME=/opt/rustwide/rustup-home" "-w" "/opt/rustwide/workdir" "-m" "1610612736" "--user" "0:0" "--network" "none" "rustops/crates-build-env@sha256:d92eaeed33fa75130ca1ee6c8a01d1ffb62bac859dfdfb3450e3e5d1c0146529" "/opt/rustwide/cargo-home/bin/cargo" "+af3c6e733a40e671550e0f0f5aeecaa13772ba56" "metadata" "--no-deps" "--format-version=1", kill_on_drop: false }`
[INFO] [stderr] WARNING: Your kernel does not support swap limit capabilities or the cgroup is not mounted. Memory limited without swap.
[INFO] [stdout] 3c77eb4713594ea72bbb787ea47915fc1aef3be63d972c3f4e79496c4795615a
[INFO] running `Command { std: "docker" "start" "-a" "3c77eb4713594ea72bbb787ea47915fc1aef3be63d972c3f4e79496c4795615a", kill_on_drop: false }`
[INFO] running `Command { std: "docker" "inspect" "3c77eb4713594ea72bbb787ea47915fc1aef3be63d972c3f4e79496c4795615a", kill_on_drop: false }`
[INFO] running `Command { std: "docker" "rm" "-f" "3c77eb4713594ea72bbb787ea47915fc1aef3be63d972c3f4e79496c4795615a", kill_on_drop: false }`
[INFO] [stdout] 3c77eb4713594ea72bbb787ea47915fc1aef3be63d972c3f4e79496c4795615a
[INFO] running `Command { std: "docker" "create" "-v" "/var/lib/crater-agent-workspace/builds/worker-7/target:/opt/rustwide/target:rw,Z" "-v" "/var/lib/crater-agent-workspace/builds/worker-7/source:/opt/rustwide/workdir:ro,Z" "-v" "/var/lib/crater-agent-workspace/cargo-home:/opt/rustwide/cargo-home:ro,Z" "-v" "/var/lib/crater-agent-workspace/rustup-home:/opt/rustwide/rustup-home:ro,Z" "-e" "SOURCE_DIR=/opt/rustwide/workdir" "-e" "CARGO_TARGET_DIR=/opt/rustwide/target" "-e" "CARGO_INCREMENTAL=0" "-e" "RUST_BACKTRACE=full" "-e" "RUSTFLAGS=--cap-lints=forbid" "-e" "CARGO_HOME=/opt/rustwide/cargo-home" "-e" "RUSTUP_HOME=/opt/rustwide/rustup-home" "-w" "/opt/rustwide/workdir" "-m" "1610612736" "--user" "0:0" "--network" "none" "rustops/crates-build-env@sha256:d92eaeed33fa75130ca1ee6c8a01d1ffb62bac859dfdfb3450e3e5d1c0146529" "/opt/rustwide/cargo-home/bin/cargo" "+af3c6e733a40e671550e0f0f5aeecaa13772ba56" "check" "--frozen" "--all" "--all-targets" "--message-format=json", kill_on_drop: false }`
[INFO] [stdout] c5c70466da20b315940832839abc7cd32efdc1782ef843b9ca0511dfc1ce0584
[INFO] [stderr] WARNING: Your kernel does not support swap limit capabilities or the cgroup is not mounted. Memory limited without swap.
[INFO] running `Command { std: "docker" "start" "-a" "c5c70466da20b315940832839abc7cd32efdc1782ef843b9ca0511dfc1ce0584", kill_on_drop: false }`
[INFO] [stderr]    Compiling unicode-xid v0.2.1
[INFO] [stderr]    Compiling syn v1.0.33
[INFO] [stderr]    Compiling pin-project-internal v0.4.22
[INFO] [stderr]     Checking arc-swap v0.4.7
[INFO] [stderr]    Compiling cc v1.0.54
[INFO] [stderr]     Checking itoa v0.4.6
[INFO] [stderr]     Checking foreign-types-shared v0.1.1
[INFO] [stderr]    Compiling openssl v0.10.30
[INFO] [stderr]    Compiling serde v1.0.114
[INFO] [stderr]    Compiling native-tls v0.2.4
[INFO] [stderr]     Checking tinyvec v0.3.3
[INFO] [stderr]     Checking openssl-probe v0.1.2
[INFO] [stderr]    Compiling encoding_rs v0.8.23
[INFO] [stderr]     Checking mime v0.3.16
[INFO] [stderr]     Checking dtoa v0.4.6
[INFO] [stderr]     Checking base64 v0.12.3
[INFO] [stderr]     Checking base64 v0.11.0
[INFO] [stderr]    Compiling indexmap v1.4.0
[INFO] [stderr]    Compiling unicase v2.6.0
[INFO] [stderr]     Checking foreign-types v0.3.2
[INFO] [stderr]     Checking http v0.2.1
[INFO] [stderr]    Compiling proc-macro2 v1.0.18
[INFO] [stderr]     Checking net2 v0.2.34
[INFO] [stderr]     Checking iovec v0.1.4
[INFO] [stderr]     Checking signal-hook-registry v1.2.0
[INFO] [stderr]     Checking getrandom v0.1.14
[INFO] [stderr]     Checking time v0.1.43
[INFO] [stderr]     Checking socket2 v0.3.12
[INFO] [stderr]     Checking unicode-normalization v0.1.13
[INFO] [stderr]     Checking rand_core v0.5.1
[INFO] [stderr]     Checking mio v0.6.22
[INFO] [stderr]     Checking rand_pcg v0.2.1
[INFO] [stderr]     Checking rand_chacha v0.2.2
[INFO] [stderr]    Compiling quote v1.0.7
[INFO] [stderr]    Compiling mime_guess v2.0.3
[INFO] [stderr]     Checking rand v0.7.3
[INFO] [stderr]    Compiling openssl-sys v0.9.58
[INFO] [stderr]     Checking mio-uds v0.6.8
[INFO] [stderr]     Checking idna v0.2.0
[INFO] [stderr]     Checking url v2.1.1
[INFO] [stderr]     Checking http-body v0.3.1
[INFO] [stderr]     Checking serde_urlencoded v0.6.1
[INFO] [stderr]     Checking serde_json v1.0.55
[INFO] [stderr]    Compiling tokio-macros v0.2.5
[INFO] [stderr]    Compiling futures-macro v0.3.5
[INFO] [stderr]    Compiling tracing-attributes v0.1.8
[INFO] [stderr]    Compiling prost-derive v0.6.1
[INFO] [stderr]    Compiling async-stream-impl v0.2.1
[INFO] [stderr]    Compiling async-trait v0.1.36
[INFO] [stderr]     Checking async-stream v0.2.1
[INFO] [stderr]     Checking tokio v0.2.21
[INFO] [stderr]     Checking tracing v0.1.15
[INFO] [stderr]     Checking prost v0.6.1
[INFO] [stderr]     Checking pin-project v0.4.22
[INFO] [stderr]     Checking futures-util v0.3.5
[INFO] [stderr]     Checking tower-discover v0.3.0
[INFO] [stderr]     Checking tower-load-shed v0.3.0
[INFO] [stderr]     Checking tracing-futures v0.2.4
[INFO] [stderr]     Checking tokio-util v0.3.1
[INFO] [stderr]     Checking tower-load v0.3.0
[INFO] [stderr]     Checking tower-buffer v0.3.0
[INFO] [stderr]     Checking tower-make v0.3.0
[INFO] [stderr]     Checking tokio-tls v0.3.1
[INFO] [stderr]     Checking tower-timeout v0.3.0
[INFO] [stderr]     Checking tower-retry v0.3.0
[INFO] [stderr]     Checking tower-limit v0.3.1
[INFO] [stderr]     Checking h2 v0.2.5
[INFO] [stderr]     Checking tower-util v0.3.1
[INFO] [stderr]     Checking tower-ready-cache v0.3.1
[INFO] [stderr]     Checking futures-executor v0.3.5
[INFO] [stderr]     Checking tower-balance v0.3.0
[INFO] [stderr]     Checking futures v0.3.5
[INFO] [stderr]     Checking tower v0.3.1
[INFO] [stderr]     Checking hyper v0.13.6
[INFO] [stderr]     Checking hyper-tls v0.4.1
[INFO] [stderr]     Checking tonic v0.2.1
[INFO] [stderr]     Checking reqwest v0.10.6
[INFO] [stderr]     Checking neutrino_orders v0.1.0 (/opt/rustwide/workdir)
[INFO] [stdout] warning: unused import: `reqwest::Client`
[INFO] [stdout]  --> src/routines/fetch.rs:3:5
[INFO] [stdout]   |
[INFO] [stdout] 3 | use reqwest::Client;
[INFO] [stdout]   |     ^^^^^^^^^^^^^^^
[INFO] [stdout]   |
[INFO] [stdout]   = note: `#[warn(unused_imports)]` on by default
[INFO] [stdout] 
[INFO] [stdout] 
[INFO] [stdout] warning: unused import: `mpsc::UnboundedReceiver`
[INFO] [stdout]  --> src/main.rs:4:5
[INFO] [stdout]   |
[INFO] [stdout] 4 | use mpsc::UnboundedReceiver;
[INFO] [stdout]   |     ^^^^^^^^^^^^^^^^^^^^^^^
[INFO] [stdout] 
[INFO] [stdout] 
[INFO] [stdout] warning: unused import: `reqwest::Client`
[INFO] [stdout]  --> src/routines/fetch.rs:3:5
[INFO] [stdout]   |
[INFO] [stdout] 3 | use reqwest::Client;
[INFO] [stdout]   |     ^^^^^^^^^^^^^^^
[INFO] [stdout]   |
[INFO] [stdout]   = note: `#[warn(unused_imports)]` on by default
[INFO] [stdout] 
[INFO] [stdout] 
[INFO] [stdout] warning: unused import: `mpsc::UnboundedReceiver`
[INFO] [stdout]  --> src/main.rs:4:5
[INFO] [stdout]   |
[INFO] [stdout] 4 | use mpsc::UnboundedReceiver;
[INFO] [stdout]   |     ^^^^^^^^^^^^^^^^^^^^^^^
[INFO] [stdout] 
[INFO] [stdout] 
[INFO] [stdout] error[E0277]: the trait bound `UnboundedReceiver<String>: From<stream::merge::Merge<UnboundedReceiver<String>, UnboundedReceiver<String>>>` is not satisfied
[INFO] [stdout]   --> src/main.rs:20:58
[INFO] [stdout]    |
[INFO] [stdout] 20 |     let order_fetch_results = routines::fetch::start(10, order_ids_with_retries);
[INFO] [stdout]    |                                                          ^^^^^^^^^^^^^^^^^^^^^^ the trait `From<stream::merge::Merge<UnboundedReceiver<String>, UnboundedReceiver<String>>>` is not implemented for `UnboundedReceiver<String>`
[INFO] [stdout]    | 
[INFO] [stdout]   ::: src/routines/fetch.rs:19:17
[INFO] [stdout]    |
[INFO] [stdout] 19 | pub fn start<T: Into<UnboundedReceiver<String>>>(
[INFO] [stdout]    |                 ------------------------------- required by this bound in `fetch::start`
[INFO] [stdout]    |
[INFO] [stdout]    = note: required because of the requirements on the impl of `Into<UnboundedReceiver<String>>` for `stream::merge::Merge<UnboundedReceiver<String>, UnboundedReceiver<String>>`
[INFO] [stdout] 
[INFO] [stdout] 
[INFO] [stdout] error[E0308]: mismatched types
[INFO] [stdout]   --> src/main.rs:28:53
[INFO] [stdout]    |
[INFO] [stdout] 22 |       let successfully_inserted = order_fetch_results.filter_map(|res| match res {
[INFO] [stdout]    |  ________________________________________________________________-
[INFO] [stdout] 23 | |         Ok(v) => Some(v),
[INFO] [stdout] 24 | |         Err(_) => None,
[INFO] [stdout] 25 | |     });
[INFO] [stdout]    | |_____- the found closure
[INFO] [stdout] ...
[INFO] [stdout] 28 |       let insertion_results = routines::insert::start(successfully_inserted);
[INFO] [stdout]    |                                                       ^^^^^^^^^^^^^^^^^^^^^ expected struct `UnboundedReceiver`, found struct `stream::filter_map::FilterMap`
[INFO] [stdout]    |
[INFO] [stdout]    = note: expected struct `UnboundedReceiver<BondOrder>`
[INFO] [stdout]               found struct `stream::filter_map::FilterMap<UnboundedReceiver<std::result::Result<BondOrder, String>>, [closure@src/main.rs:22:64: 25:6]>`
[INFO] [stdout] 
[INFO] [stdout] 
[INFO] [stdout] error[E0599]: no method named `recv` found for struct `stream::filter_map::FilterMap<UnboundedReceiver<std::result::Result<BondOrder, String>>, [closure@src/main.rs:22:64: 25:6]>` in the current scope
[INFO] [stdout]   --> src/main.rs:32:53
[INFO] [stdout]    |
[INFO] [stdout] 32 |         while let Some(msg) = successfully_inserted.recv().await {
[INFO] [stdout]    |                                                     ^^^^ method not found in `stream::filter_map::FilterMap<UnboundedReceiver<std::result::Result<BondOrder, String>>, [closure@src/main.rs:22:64: 25:6]>`
[INFO] [stdout] 
[INFO] [stdout] 
[INFO] [stdout] error[E0599]: no method named `recv` found for type parameter `T` in the current scope
[INFO] [stdout]   --> src/routines/fetch.rs:31:40
[INFO] [stdout]    |
[INFO] [stdout] 31 |         while let Some(id) = order_ids.recv().await {
[INFO] [stdout]    |                                        ^^^^ method not found in `T`
[INFO] [stdout]    |
[INFO] [stdout]    = help: items from traits can only be used if the type parameter is bounded by the trait
[INFO] [stdout] help: the following trait defines an item `recv`, perhaps you need to restrict type parameter `T` with it:
[INFO] [stdout]    |
[INFO] [stdout] 19 | pub fn start<T: net2::ext::UdpSocketExt + Into<UnboundedReceiver<String>>>(
[INFO] [stdout]    |              ^^^^^^^^^^^^^^^^^^^^^^^^^^^^
[INFO] [stdout] 
[INFO] [stdout] 
[INFO] [stdout] error[E0277]: the size for values of type `str` cannot be known at compilation time
[INFO] [stdout]   --> src/routines/fetch.rs:31:24
[INFO] [stdout]    |
[INFO] [stdout] 31 |         while let Some(id) = order_ids.recv().await {
[INFO] [stdout]    |                        ^^ doesn't have a size known at compile-time
[INFO] [stdout]    |
[INFO] [stdout]    = help: the trait `Sized` is not implemented for `str`
[INFO] [stdout]    = note: all local variables must have a statically known size
[INFO] [stdout]    = help: unsized locals are gated as an unstable feature
[INFO] [stdout] 
[INFO] [stdout] 
[INFO] [stdout] error[E0277]: the size for values of type `str` cannot be known at compilation time
[INFO] [stdout]   --> src/routines/fetch.rs:31:19
[INFO] [stdout]    |
[INFO] [stdout] 31 |         while let Some(id) = order_ids.recv().await {
[INFO] [stdout]    |                   ^^^^^^^^ doesn't have a size known at compile-time
[INFO] [stdout]    |
[INFO] [stdout]    = help: the trait `Sized` is not implemented for `str`
[INFO] [stdout]    = note: required by `Some`
[INFO] [stdout] 
[INFO] [stdout] 
[INFO] [stdout] error[E0277]: the size for values of type `str` cannot be known at compilation time
[INFO] [stdout]    --> src/routines/fetch.rs:31:30
[INFO] [stdout]     |
[INFO] [stdout] 31  |         while let Some(id) = order_ids.recv().await {
[INFO] [stdout]     |                              ^^^^^^^^^^^^^^^^^^^^^^ doesn't have a size known at compile-time
[INFO] [stdout]     |
[INFO] [stdout]     = help: the trait `Sized` is not implemented for `str`
[INFO] [stdout] 
[INFO] [stdout] 
[INFO] [stdout] error: aborting due to 7 previous errors; 2 warnings emitted
[INFO] [stdout] 
[INFO] [stdout] 
[INFO] [stdout] Some errors have detailed explanations: E0277, E0308, E0599.
[INFO] [stdout] 
[INFO] [stdout] For more information about an error, try `rustc --explain E0277`.
[INFO] [stdout] 
[INFO] [stdout] error[E0277]: the trait bound `UnboundedReceiver<String>: From<stream::merge::Merge<UnboundedReceiver<String>, UnboundedReceiver<String>>>` is not satisfied
[INFO] [stdout]   --> src/main.rs:20:58
[INFO] [stdout]    |
[INFO] [stdout] 20 |     let order_fetch_results = routines::fetch::start(10, order_ids_with_retries);
[INFO] [stdout]    |                                                          ^^^^^^^^^^^^^^^^^^^^^^ the trait `From<stream::merge::Merge<UnboundedReceiver<String>, UnboundedReceiver<String>>>` is not implemented for `UnboundedReceiver<String>`
[INFO] [stdout]    | 
[INFO] [stdout]   ::: src/routines/fetch.rs:19:17
[INFO] [stdout]    |
[INFO] [stdout] 19 | pub fn start<T: Into<UnboundedReceiver<String>>>(
[INFO] [stdout]    |                 ------------------------------- required by this bound in `fetch::start`
[INFO] [stdout]    |
[INFO] [stdout]    = note: required because of the requirements on the impl of `Into<UnboundedReceiver<String>>` for `stream::merge::Merge<UnboundedReceiver<String>, UnboundedReceiver<String>>`
[INFO] [stdout] 
[INFO] [stdout] 
[INFO] [stderr] error: could not compile `neutrino_orders`.
[INFO] [stderr] 
[INFO] [stderr] To learn more, run the command again with --verbose.
[INFO] [stderr] warning: build failed, waiting for other jobs to finish...
[INFO] [stdout] error[E0308]: mismatched types
[INFO] [stdout]   --> src/main.rs:28:53
[INFO] [stdout]    |
[INFO] [stdout] 22 |       let successfully_inserted = order_fetch_results.filter_map(|res| match res {
[INFO] [stdout]    |  ________________________________________________________________-
[INFO] [stdout] 23 | |         Ok(v) => Some(v),
[INFO] [stdout] 24 | |         Err(_) => None,
[INFO] [stdout] 25 | |     });
[INFO] [stdout]    | |_____- the found closure
[INFO] [stdout] ...
[INFO] [stdout] 28 |       let insertion_results = routines::insert::start(successfully_inserted);
[INFO] [stdout]    |                                                       ^^^^^^^^^^^^^^^^^^^^^ expected struct `UnboundedReceiver`, found struct `stream::filter_map::FilterMap`
[INFO] [stdout]    |
[INFO] [stdout]    = note: expected struct `UnboundedReceiver<BondOrder>`
[INFO] [stdout]               found struct `stream::filter_map::FilterMap<UnboundedReceiver<std::result::Result<BondOrder, String>>, [closure@src/main.rs:22:64: 25:6]>`
[INFO] [stdout] 
[INFO] [stdout] 
[INFO] [stdout] error[E0599]: no method named `recv` found for struct `stream::filter_map::FilterMap<UnboundedReceiver<std::result::Result<BondOrder, String>>, [closure@src/main.rs:22:64: 25:6]>` in the current scope
[INFO] [stdout]   --> src/main.rs:32:53
[INFO] [stdout]    |
[INFO] [stdout] 32 |         while let Some(msg) = successfully_inserted.recv().await {
[INFO] [stdout]    |                                                     ^^^^ method not found in `stream::filter_map::FilterMap<UnboundedReceiver<std::result::Result<BondOrder, String>>, [closure@src/main.rs:22:64: 25:6]>`
[INFO] [stdout] 
[INFO] [stdout] 
[INFO] [stdout] error[E0599]: no method named `recv` found for type parameter `T` in the current scope
[INFO] [stdout]   --> src/routines/fetch.rs:31:40
[INFO] [stdout]    |
[INFO] [stdout] 31 |         while let Some(id) = order_ids.recv().await {
[INFO] [stdout]    |                                        ^^^^ method not found in `T`
[INFO] [stdout]    |
[INFO] [stdout]    = help: items from traits can only be used if the type parameter is bounded by the trait
[INFO] [stdout] help: the following trait defines an item `recv`, perhaps you need to restrict type parameter `T` with it:
[INFO] [stdout]    |
[INFO] [stdout] 19 | pub fn start<T: net2::ext::UdpSocketExt + Into<UnboundedReceiver<String>>>(
[INFO] [stdout]    |              ^^^^^^^^^^^^^^^^^^^^^^^^^^^^
[INFO] [stdout] 
[INFO] [stdout] 
[INFO] [stdout] error[E0277]: the size for values of type `str` cannot be known at compilation time
[INFO] [stdout]   --> src/routines/fetch.rs:31:24
[INFO] [stdout]    |
[INFO] [stdout] 31 |         while let Some(id) = order_ids.recv().await {
[INFO] [stdout]    |                        ^^ doesn't have a size known at compile-time
[INFO] [stdout]    |
[INFO] [stdout]    = help: the trait `Sized` is not implemented for `str`
[INFO] [stdout]    = note: all local variables must have a statically known size
[INFO] [stdout]    = help: unsized locals are gated as an unstable feature
[INFO] [stdout] 
[INFO] [stdout] 
[INFO] [stdout] error[E0277]: the size for values of type `str` cannot be known at compilation time
[INFO] [stdout]   --> src/routines/fetch.rs:31:19
[INFO] [stdout]    |
[INFO] [stdout] 31 |         while let Some(id) = order_ids.recv().await {
[INFO] [stdout]    |                   ^^^^^^^^ doesn't have a size known at compile-time
[INFO] [stdout]    |
[INFO] [stdout]    = help: the trait `Sized` is not implemented for `str`
[INFO] [stdout]    = note: required by `Some`
[INFO] [stdout] 
[INFO] [stdout] 
[INFO] [stdout] error[E0277]: the size for values of type `str` cannot be known at compilation time
[INFO] [stdout]    --> src/routines/fetch.rs:31:30
[INFO] [stdout]     |
[INFO] [stdout] 31  |         while let Some(id) = order_ids.recv().await {
[INFO] [stdout]     |                              ^^^^^^^^^^^^^^^^^^^^^^ doesn't have a size known at compile-time
[INFO] [stdout]     |
[INFO] [stdout]     = help: the trait `Sized` is not implemented for `str`
[INFO] [stdout] 
[INFO] [stdout] 
[INFO] [stdout] error: aborting due to 7 previous errors; 2 warnings emitted
[INFO] [stdout] 
[INFO] [stdout] 
[INFO] [stdout] Some errors have detailed explanations: E0277, E0308, E0599.
[INFO] [stdout] 
[INFO] [stdout] For more information about an error, try `rustc --explain E0277`.
[INFO] [stdout] 
[INFO] [stderr] error: build failed
[INFO] running `Command { std: "docker" "inspect" "c5c70466da20b315940832839abc7cd32efdc1782ef843b9ca0511dfc1ce0584", kill_on_drop: false }`
[INFO] running `Command { std: "docker" "rm" "-f" "c5c70466da20b315940832839abc7cd32efdc1782ef843b9ca0511dfc1ce0584", kill_on_drop: false }`
[INFO] [stdout] c5c70466da20b315940832839abc7cd32efdc1782ef843b9ca0511dfc1ce0584
